{"id":619,"date":"2020-09-29T10:59:24","date_gmt":"2020-09-29T08:59:24","guid":{"rendered":"http:\/\/www.mh-is.at\/?page_id=619"},"modified":"2020-11-11T08:53:11","modified_gmt":"2020-11-11T07:53:11","slug":"funkbetrieb","status":"publish","type":"page","link":"https:\/\/www.mh-is.at\/?page_id=619","title":{"rendered":"Stationsbetrieb"},"content":{"rendered":"<div id=\"pl-619\"  class=\"panel-layout\" ><div id=\"pg-619-0\"  class=\"panel-grid panel-no-style\" ><div id=\"pgc-619-0-0\"  class=\"panel-grid-cell\" ><div id=\"panel-619-0-0-0\" class=\"widget_text so-panel widget widget_custom_html panel-first-child panel-last-child\" data-index=\"0\" ><div class=\"textwidget custom-html-widget\"><center>\n<a><img decoding=\"async\" src=\"http:\/\/www.hamqsl.com\/solar101sc.php\"><\/a>\n<\/center><\/div><\/div><\/div><\/div><div id=\"pg-619-1\"  class=\"panel-grid panel-no-style\" ><div id=\"pgc-619-1-0\"  class=\"panel-grid-cell\" ><div id=\"panel-619-1-0-0\" class=\"so-panel widget widget_sow-editor panel-first-child panel-last-child\" data-index=\"1\" ><div\n\t\t\t\n\t\t\tclass=\"so-widget-sow-editor so-widget-sow-editor-base\"\n\t\t\t\n\t\t>\n<div class=\"siteorigin-widget-tinymce textwidget\">\n\t<p>Wenn die Antennen bereit sind und die Kurzwelle ruft, dann verwende ich gerne einige Tabs im Browser, die als Favoriten bereit liegen. Die Reihenfolge ist reine Geschmacksache und ich verwende hier folgende Einstellungen:<\/p>\n<ul>\n<li><a href=\"https:\/\/dr2w.de\/dx-propagation\/\" target=\"_blank\" rel=\"noopener noreferrer\">DX Progation<\/a> - hier kann ich feststellen, welches Band gerade offen ist.<\/li>\n<li><a href=\"https:\/\/www.qrzcq.com\/\" target=\"_blank\" rel=\"noopener noreferrer\">QRZCQ<\/a> - hier kann ich herausfinden mit wem ich gerade arbeite.<\/li>\n<li><a href=\"https:\/\/www.qrz.com\/lookup\" target=\"_blank\" rel=\"noopener noreferrer\">QRZ.COM<\/a> - eine Alternative, wenn QRZCQ nicht funktioniert.<\/li>\n<li><a href=\"https:\/\/www.hb9eyz.ch\/g_locator.php\" target=\"_blank\" rel=\"noopener noreferrer\">QTH Locator Map<\/a> - zeigt mir den Standort auf einer Karte an, da ich meinen Home-QTH registiert habe, zeigt es mir auch die Distanz an.<\/li>\n<li><a href=\"https:\/\/dxheat.com\/dxc\/\" target=\"_blank\" rel=\"noopener noreferrer\">DXHeat<\/a> - ist ein DX Cluster und zeigt aktuelle Verbindungen an.<\/li>\n<li><a href=\"https:\/\/dxheat.com\/dxc\/\" target=\"_blank\" rel=\"noopener noreferrer\">DXSummit.fi<\/a> - ist ein finnischer DX Cluster der auch aktuelle Verbindungen anzeigt.<\/li>\n<li><a href=\"https:\/\/www.iota-world.org\/iotamaps\/\" target=\"_blank\" rel=\"noopener noreferrer\">IOTA-World<\/a> - ist ein DX Cluster, der m\u00f6gliche Verbindungen auf einer Karte anzeigt.<\/li>\n<li><a href=\"https:\/\/www.eqsl.cc\/qslcard\/Home4G.cfm\" target=\"_blank\" rel=\"noopener noreferrer\">eQSL<\/a> - QLS Karten in elektronischer Form<\/li>\n<li><a href=\"https:\/\/www.lightningmaps.org\/\" target=\"_blank\" rel=\"noopener noreferrer\">Echtzeit Blitzkarte<\/a> - f\u00fcr den Fall, das sich ein Gewitter n\u00e4hert und die Au\u00dfenantennen abgesteckt werden m\u00fcssen.<\/li>\n<\/ul>\n<\/div>\n<\/div><\/div><\/div><div id=\"pgc-619-1-1\"  class=\"panel-grid-cell\" ><div id=\"panel-619-1-1-0\" class=\"so-panel widget panel-first-child panel-last-child\" data-index=\"2\" ><\/div><\/div><\/div><\/div>","protected":false},"excerpt":{"rendered":"<p>Wenn die Antennen bereit sind und die Kurzwelle ruft, dann verwende ich gerne einige Tabs im Browser, die als Favoriten bereit liegen. Die Reihenfolge ist reine Geschmacksache und ich verwende hier folgende Einstellungen: DX Progation &#8211; hier kann ich feststellen, welches Band gerade offen ist. QRZCQ &#8211; hier kann ich herausfinden mit wem ich gerade&#8230;<\/p>\n","protected":false},"author":1,"featured_media":0,"parent":0,"menu_order":0,"comment_status":"open","ping_status":"closed","template":"fullwidth.php","meta":{"ngg_post_thumbnail":0,"footnotes":""},"class_list":["post-619","page","type-page","status-publish","hentry"],"_links":{"self":[{"href":"https:\/\/www.mh-is.at\/index.php?rest_route=\/wp\/v2\/pages\/619","targetHints":{"allow":["GET"]}}],"collection":[{"href":"https:\/\/www.mh-is.at\/index.php?rest_route=\/wp\/v2\/pages"}],"about":[{"href":"https:\/\/www.mh-is.at\/index.php?rest_route=\/wp\/v2\/types\/page"}],"author":[{"embeddable":true,"href":"https:\/\/www.mh-is.at\/index.php?rest_route=\/wp\/v2\/users\/1"}],"replies":[{"embeddable":true,"href":"https:\/\/www.mh-is.at\/index.php?rest_route=%2Fwp%2Fv2%2Fcomments&post=619"}],"version-history":[{"count":23,"href":"https:\/\/www.mh-is.at\/index.php?rest_route=\/wp\/v2\/pages\/619\/revisions"}],"predecessor-version":[{"id":688,"href":"https:\/\/www.mh-is.at\/index.php?rest_route=\/wp\/v2\/pages\/619\/revisions\/688"}],"wp:attachment":[{"href":"https:\/\/www.mh-is.at\/index.php?rest_route=%2Fwp%2Fv2%2Fmedia&parent=619"}],"curies":[{"name":"wp","href":"https:\/\/api.w.org\/{rel}","templated":true}]}}