{"id":626,"date":"2020-09-29T12:44:02","date_gmt":"2020-09-29T10:44:02","guid":{"rendered":"http:\/\/www.mh-is.at\/?page_id=626"},"modified":"2020-11-11T08:53:11","modified_gmt":"2020-11-11T07:53:11","slug":"digitaler-amateurfunk","status":"publish","type":"page","link":"https:\/\/www.mh-is.at\/?page_id=626","title":{"rendered":"Digitaler Amateurfunk"},"content":{"rendered":"<div id=\"pl-626\"  class=\"panel-layout\" ><div id=\"pg-626-0\"  class=\"panel-grid panel-no-style\" ><div id=\"pgc-626-0-0\"  class=\"panel-grid-cell\" ><div id=\"panel-626-0-0-0\" class=\"so-panel widget widget_sow-editor panel-first-child panel-last-child\" data-index=\"0\" ><div\n\t\t\t\n\t\t\tclass=\"so-widget-sow-editor so-widget-sow-editor-base\"\n\t\t\t\n\t\t><h3 class=\"widget-title\">Einleitung - Digitale Betriebsarten - ARTIKEL IST IM ENTSTEHEN<\/h3>\n<div class=\"siteorigin-widget-tinymce textwidget\">\n\t<p>Neben dem klassischen Analog- und Repeaterfunk auf den verschiedenen Frequenzen, gibt es eine gro\u00dfe Auswahl an digitalen Betriebsarten.&nbsp; Kurt OE1KBC erkl\u00e4rt die verschiedenen Betriebsarten und deren M\u00f6glichkeiten in seinem Vortrag \"Digitale Betriebsarten f\u00fcr Einsteiger\".<\/p>\n<p><iframe loading=\"lazy\" title=\"D-STAR, C4FM, DMR &amp; Co\" width=\"700\" height=\"394\" src=\"https:\/\/www.youtube.com\/embed\/av_IGnjqIic?feature=oembed\" frameborder=\"0\" allow=\"accelerometer; autoplay; clipboard-write; encrypted-media; gyroscope; picture-in-picture\" allowfullscreen><\/iframe><\/p>\n<p>&nbsp;<\/p>\n<\/div>\n<\/div><\/div><\/div><\/div><div id=\"pg-626-1\"  class=\"panel-grid panel-no-style\" ><div id=\"pgc-626-1-0\"  class=\"panel-grid-cell\" ><div id=\"panel-626-1-0-0\" class=\"so-panel widget widget_sow-editor panel-first-child panel-last-child\" data-index=\"1\" ><div\n\t\t\t\n\t\t\tclass=\"so-widget-sow-editor so-widget-sow-editor-base\"\n\t\t\t\n\t\t>\n<div class=\"siteorigin-widget-tinymce textwidget\">\n\t<p>Erfahrungsberichte \u00fcber Anytone 878 und 578 incl Codeplug<\/p>\n<\/div>\n<\/div><\/div><\/div><\/div><div id=\"pg-626-2\"  class=\"panel-grid panel-no-style\" ><div id=\"pgc-626-2-0\"  class=\"panel-grid-cell\" ><div id=\"panel-626-2-0-0\" class=\"so-panel widget widget_sow-editor panel-first-child panel-last-child\" data-index=\"2\" ><div\n\t\t\t\n\t\t\tclass=\"so-widget-sow-editor so-widget-sow-editor-base\"\n\t\t\t\n\t\t>\n<div class=\"siteorigin-widget-tinymce textwidget\">\n\t<p>Erfahrungsberichte \u00fcber Anytone 878 und 578 incl Codeplug<\/p>\n<\/div>\n<\/div><\/div><\/div><\/div><\/div>","protected":false},"excerpt":{"rendered":"<p>Neben dem klassischen Analog- und Repeaterfunk auf den verschiedenen Frequenzen, gibt es eine gro\u00dfe Auswahl an digitalen Betriebsarten.&nbsp; Kurt OE1KBC erkl\u00e4rt die verschiedenen Betriebsarten und deren M\u00f6glichkeiten in seinem Vortrag &#8222;Digitale Betriebsarten f\u00fcr Einsteiger&#8220;. https:\/\/youtu.be\/av_IGnjqIic &nbsp; Erfahrungsberichte \u00fcber Anytone 878 und 578 incl Codeplug<\/p>\n","protected":false},"author":1,"featured_media":0,"parent":0,"menu_order":0,"comment_status":"open","ping_status":"closed","template":"fullwidth.php","meta":{"ngg_post_thumbnail":0,"footnotes":""},"class_list":["post-626","page","type-page","status-publish","hentry"],"_links":{"self":[{"href":"https:\/\/www.mh-is.at\/index.php?rest_route=\/wp\/v2\/pages\/626","targetHints":{"allow":["GET"]}}],"collection":[{"href":"https:\/\/www.mh-is.at\/index.php?rest_route=\/wp\/v2\/pages"}],"about":[{"href":"https:\/\/www.mh-is.at\/index.php?rest_route=\/wp\/v2\/types\/page"}],"author":[{"embeddable":true,"href":"https:\/\/www.mh-is.at\/index.php?rest_route=\/wp\/v2\/users\/1"}],"replies":[{"embeddable":true,"href":"https:\/\/www.mh-is.at\/index.php?rest_route=%2Fwp%2Fv2%2Fcomments&post=626"}],"version-history":[{"count":3,"href":"https:\/\/www.mh-is.at\/index.php?rest_route=\/wp\/v2\/pages\/626\/revisions"}],"predecessor-version":[{"id":867,"href":"https:\/\/www.mh-is.at\/index.php?rest_route=\/wp\/v2\/pages\/626\/revisions\/867"}],"wp:attachment":[{"href":"https:\/\/www.mh-is.at\/index.php?rest_route=%2Fwp%2Fv2%2Fmedia&parent=626"}],"curies":[{"name":"wp","href":"https:\/\/api.w.org\/{rel}","templated":true}]}}